le of 2236?
False
Is 6218752956 a multiple of 28?
False
Is 663 a factor of 83108376?
True
Is 434919091 a multiple of 1491?
False
Is 13924001 a multiple of 77?
False
Is 334514304 a multiple of 986?
True
Is 1722 a factor of 173927166?
True
Is 86 a factor of 15171174?
True
Is 4002 a factor of 892726140?
True
Does 37 divide 2404767?
False
Is 275 a factor of 911017800?
True
Is 363 a factor of 39098585?
False
Is 1210185620 a multiple of 7?
True
Is 287 a factor of 8990562?
True
Is 4279400 a multiple of 4?
True
Does 230 divide 437295662?
False
Is 2248 a factor of 227140168?
True
Is 13 a factor of 104461111?
False
Does 133 divide 74141958?
False
Is 1883 a factor of 230543222?
True
Is 34 a factor of 6723678?
False
Is 346 a factor of 796838?
True
Is 15116446 a multiple of 2852?
False
Does 41 divide 103926704?
False
Does 672 divide 173850432?
True
Is 238 a factor of 50972485?
False
Does 63 divide 853291558?
False
Does 3740 divide 209159461?
False
Is 185406476 a multiple of 169?
False
Is 88 a factor of 27798760?
True
Is 314 a factor of 4077572286?
True
Is 193697404 a multiple of 3632?
False
Is 4 a factor of 3347148?
True
Does 683 divide 3959298?
False
Does 11 divide 109308?
False
Does 15 divide 62796168?
False
Is 1705812198 a multiple of 3587?
True
Is 701 a factor of 1323216713?
True
Is 33 a factor of 274801940?
False
Does 1685 divide 696843545?
True
Is 594049248 a multiple of 798?
False
Is 134 a factor of 1873558463?
False
Does 105 divide 64030868?
False
Does 970 divide 2530487500?
True
Is 524816979 a multiple of 897?
False
Is 2764838960 a multiple of 380?
True
Is 5705 a factor of 557949000?
True
Does 226 divide 14540388?
True
Is 118 a factor of 128691819?
False
Does 956 divide 1089842?
False
Does 128 divide 89580196?
False
Is 27 a factor of 1564536897?
True
Is 25525878 a multiple of 30?
False
Is 28 a factor of 643635020?
True
Is 307496672 a multiple of 2872?
False
Does 812 divide 2968103?
False
Is 63466740 a multiple of 180?
True
Is 404 a factor of 16172524?
True
Does 2156 divide 349651678?
False
Is 1831864580 a multiple of 160?
False
Does 1422 divide 353810855?
False
Is 341 a factor of 1342144167?
False
Does 931 divide 58146536?
True
Does 1102 divide 105636618?
True
Does 3592 divide 2122193830?
False
Is 38303414 a multiple of 62?
True
Is 980038713 a multiple of 808?
False
Is 1456721347 a multiple of 7?
False
Does 1067 divide 46780306?
False
Does 860 divide 1005256580?
True
Is 1772342 a multiple of 51?
False
Is 7472876133 a multiple of 17?
True
Is 3938737865 a multiple of 2842?
False
Is 14 a factor of 78424218?
False
Is 9 a factor of 15323279?
False
Is 282027976 a multiple of 874?
False
Is 335 a factor of 196980?
True
Is 78 a factor of 116521144?
False
Is 13 a factor of 36853566?
False
Is 651951677 a multiple of 677?
True
Does 2250 divide 16038000?
True
Does 9538 divide 8429541330?
True
Does 13 divide 2447281?
False
Is 39 a factor of 29947411?
False
Does 250 divide 20292504?
False
Is 7758016337 a multiple of 907?
True
Does 11 divide 275708875?
False
Does 93 divide 2493566?
False
Is 420037772 a multiple of 28?
True
Does 1089 divide 34417087?
False
Is 1934 a factor of 173662569?
False
Is 1179333594 a multiple of 1923?
True
Does 100 divide 11665900?
True
Is 376911806 a multiple of 1292?
False
Is 56 a factor of 51485560?
True
Does 57 divide 190720894?
False
Is 112110796 a multiple of 79?
True
Is 1413 a factor of 19618092?
True
Is 53292017 a multiple of 19?
True
Is 18154922 a multiple of 39?
False
Is 59840020 a multiple of 115?
True
Is 3565827 a multiple of 3?
True
Does 21 divide 84270291?
True
Is 23 a factor of 1563170091?
True
Does 3657 divide 129574824?
True
Is 1302 a factor of 134097881?
False
Is 165626691 a multiple of 681?
True
Does 4610 divide 308773190?
True
Does 11 divide 3126764707?
True
Is 43755097 a multiple of 242?
False
Is 16 a factor of 19618976?
True
Is 963 a factor of 45137057?
False
Is 3488 a factor of 1265408032?
True
Does 28 divide 21697620?
True
Is 38310111 a multiple of 3?
True
Is 31832940 a multiple of 60?
True
Does 40 divide 1941668240?
True
Is 96172200 a multiple of 1058?
True
Is 1304584251 a multiple of 43?
False
Is 89699852 a multiple of 21?
False
Is 257 a factor of 536806788?
False
Is 20357781 a multiple of 347?
False
Is 59375798 a multiple of 4280?
False
Does 6242 divide 37096206?
True
Is 206643619 a multiple of 814?
False
Does 1799 divide 560910210?
True
Is 5 a factor of 686086729?
False
Does 406 divide 708884697?
False
Does 3897 divide 2669663232?
True
Does 313 divide 77236037?
False
Does 931 divide 166961266?
False
Is 494143173 a multiple of 243?
True
Is 188 a factor of 1813501768?
True
Is 3039 a factor of 28442001?
True
Does 236 divide 5536088?
True
Does 11825 divide 5282607721?
False
Does 522 divide 47053602?
True
Is 464775429 a multiple of 173?
False
Does 655 divide 2082011820?
True
Is 36 a factor of 14079924?
True
Does 790 divide 6031453?
False
Is 15526045 a multiple of 14?
False
Is 267073090 a multiple of 5?
True
Does 40 divide 1693746?
False
Does 100 divide 35924160?
False
Is 326 a factor of 2870795?
False
Is 18 a factor of 11819468?
False
Is 53026987 a multiple of 13?
True
Is 928988728 a multiple of 5537?
False
Is 3555 a factor of 1984859595?
True
Does 4 divide 6266399?
False
Is 18 a factor of 440416019?
False
Is 307 a factor of 61594024?
True
Is 7986903 a multiple of 5?
False
Is 261 a factor of 57004344?
False
Is 2021 a factor of 1649194609?
True
Does 11374 divide 2003704419?
False
Is 8 a factor of 177559564?
False
Does 35 divide 33244820?
True
Is 19340398 a multiple of 686?
True
Is 22 a factor of 197681239?
False
Does 94 divide 69003272?
False
Is 28367052 a multiple of 1697?
True
Is 15823892 a multiple of 14?
True
Does 70 divide 751678714?
False
Is 1327 a factor of 97580632?
False
Is 7 a factor of 10962353?
False
Is 282 a factor of 9013490?
False
Is 22 a factor of 226083192?
False
Is 856809724 a multiple of 34?
True
Does 18 divide 1585082430?
True
Does 347 divide 369781938?
True
Does 50 divide 102121?
False
Is 178 a factor of 775368027?
False
Is 7 a factor of 3632168?
False
Is 76 a factor of 39645248?
True
Is 1524323220 a multiple of 730?
True
Is 1350 a factor of 83373300?
True
Is 210332935 a multiple of 11?
False
Is 420127260 a multiple of 70?
True
Is 3267 a factor of 163531758?
False
Does 2 divide 126277225?
False
Does 10 divide 29195970?
True
Does 3370 divide 8377702?
False
Does 44 divide 1241284?
True
Is 97 a factor of 378650429?
False
Is 366657222 a multiple of 4078?
False
Is 36 a factor of 218515377?
False
Is 314828154 a multiple of 18?
True
Is 9225900 a multiple of 36?
True
Is 231 a factor of 188861576?
False
Is 4384 a factor of 842736048?
False
Is 68 a factor of 151213368?
True
Does 81 divide 280325286?
True
Does 18 divide 21670236?
True
Is 5 a factor of 24934085?
True
Is 1557 a factor of 723595509?
True
Is 25613676 a multiple of 455?
False
Does 79 divide 2070739095?
False
Is 216967983 a multiple of 1797?
True
Is 180620640 a multiple of 258?
True
Is 26 a factor of 200758558?
True
Is 11652240 a multiple of 2?
True
Does 294 divide 31558939?
False
Does 287 divide 4838820?
True
Does 52 divide 979408187?
False
Is 17593038 a multiple of 27?
True
Is 29 a factor of 27531849?
False
Is 135307075 a multiple of 19?
True
Is 561736580 a multiple of 628?
True
Is 13 a factor of 343032585?
False
Is 13 a factor of 81564587?
True
Is 144 a factor of 159315150?
False
Is 195 a factor of 7128555?
False
Does 57 divide 153730186?
False
Does 7 divide 3390842392?
True
Is 454 a factor of 84266514?
False
Does 935 divide 234512960?
True
Does 9 divide 59313832?
False
Does 16 divide 280685086?
False
Is 25974946 a multiple of 831?
False
Is 132062220 a multiple of 381?
True
Is 26593733 a multiple of 62?
False
Is 1749 a factor of 36809494?
False
Does 59 divide 182839006?
False
Does 868 divide 325917508?
True
Does 228 divide 77019312?
True
Does 17 divide 936719482?
True
Is 4522572 a multiple of 165?
False
Does 260 divide 112795800?
True
Is 2935 a factor of 72682340?
True
Is 20948922 a multiple of 6?
True
Is 104 a factor of 113601176?
True
Is 16162304 a multiple of 19?
False
Is 3506666808 a multiple of 2389?
False
Does 263 divide 87292210?
False
Does 7 divide 134310878?
False
Is 262707532 a multiple of 16?
False
Is 1253 a factor of 13377468?
